54188. Is n composite?
False
Let w(n) = 141 - 144 + n**2 + n**2. Let k be w(-3). Let g(s) = 13*s + 8. Is g(k) a composite number?
True
Suppose -105 + 33 = 6*f. Let y(w) = 192*w - 6. Let m be y(f). Let p = m - -3941. Is p composite?
True
Suppose 4*s + 3*r + 7 = 2*s, -4*r + 2 = -3*s. Let x(l) = -1512*l - 5. Is x(s) a composite number?
False
Let d = 5436 - -21406. Is d a prime number?
False
Let n(u) = 2*u + 6*u - 5*u - 4*u + 5. Let j be n(3). Is (-9911)/(-2) + (5/j - 3) a composite number?
True
Is 94978 - -4 - (-14)/2 prime?
False
Let t = 69327 + -47680. Is t a composite number?
False
Suppose -16*j = -10*j - 30. Let v be (j/4*4)/(1/1). Suppose -9*b + 2004 = -v*b. Is b a prime number?
False
Let s = 9 - 2. Suppose 0 = s*f + 151 + 1494. Let t = f + 434. Is t composite?
False
Suppose -11*d - 2*d = -167154. Suppose -8945 = 5*h + 4*t - 25022, 0 = 4*h + 5*t - d. Is h a prime number?
True
Let s be 6/(-15) - -12*(-32)/(-60). Suppose -40306 = -s*k - 8*k. Is k a composite number?
False
Let m be 35/25 + -1 + -2 + 161/35. Suppose 3*s - 6*s = -21. Suppose s*h - 12*h - m*a + 944 = 0, 3*h - a = 558. Is h composite?
True
Let v = 10713 + 167248. Is v composite?
True
Let t = 213 + -211. Suppose -51501 = -t*x - 3*x + 4*a, -5*x - a = -51481. Is x a prime number?
False
Let c = -3068 - -7351. Suppose -l = -2*r - 5959, 0 = -l + r + 1676 + c. Is l a prime number?
False
Let s be 28/(-126) + (-40)/(-18). Suppose -3*j - 35555 = -5*a, 2*j + 8 = -2. Suppose a = s*c - 0*c. Is c prime?
False
Suppose -2*d + 10 = 0, 4*t + d - 528668 = 83269. Is t a prime number?
False
Suppose 422949 = 5*b + 2*d, -2*d - 4 = 2. Let p = -42868 + b. Is p prime?
False
Suppose 3*v - 60 = 5*x, 46 = 5*v - x - 32. Let p = 18 - v. Suppose 4*l - 3*y = -0*y + 1705, p*y - 2138 = -5*l. Is l a composite number?
True
Let f = 3422 - 658. Is 15/35*7 + f a composite number?
False
Let t(w) be the second derivative of w**4/12 + w**3/2 + w**2/2 + 4*w - 7. Is t(-17) a prime number?
True
Suppose -312 = 8*v - 312. Suppose 5*z = -2*t + 10893, v = 2*z - 3*z + 3*t + 2182. Is z a prime number?
True
Let d(x) = 4*x - x + 0*x**2 + 17*x**2 - 3*x**2 + 15 - x**3. Let f be d(14). Suppose f = 16*o - 13*o. Is o prime?
True
Suppose 0 = 3*f - 5*t - 15, 3*f + 0*t + t = 15. Suppose f*y = 2*r + r + 8, 4*r - 3*y - 4 = 0. Suppose 5*a = 5*n + 1855, 1484 = r*a - 9*n + 4*n. Is a composite?
True
Let h be (1 - 179/5)/(1/(-145)). Suppose -h = -4*x - 10. Is x prime?
True
Is ((-2)/6 - (-5 + 5))*26855745/(-35) composite?
True
Suppose 3*p = 21, 5*j = -3*p + 125997 + 14009. Is j a composite number?
False
Let i = -326 - -121. Let n be 10/30 + (-38)/6 + 540. Let t = i + n. Is t a composite number?
True
Let i(d) = -2*d**3 - 35*d**2 - 94*d - 170. Is i(-35) a prime number?
False
Let l be (-61)/(-3) + (-1)/3. Let h(f) = -35 - 34 + 143*f + 110. Is h(l) composite?
True
Let v = 601 + 36256. Suppose v = 9*h + 4043. Is h prime?
False
Let g(l) = 7*l + 1707. Is g(-64) prime?
True
Suppose 0 = 6*l + 1 - 13. Let a(h) = 53*h**2 - 9 + 1 + 15 - l*h - 10*h**2. Is a(6) a prime number?
True
Is 0 - (3/(15/(-940778)))/((-4)/(-10)) a composite number?
False
Let q = -21820 + 25503. Is q a composite number?
True
Let w = -109 - -182. Suppose -2892 = -n - w. Is n composite?
False
Let p(b) = -1419*b - 424. Is p(-5) a prime number?
False
Is 4 + 25/(-7) - (-1)/((-49)/(-34536208)) prime?
False
Suppose -4*l = -s - 9, 0 = -0*l + 5*l + 3*s + 10. Let r(h) = h + 10. Let p be r(-7). Is l/p - 14144/(-48) prime?
False
Suppose -25856 = -26*i + 437802. Is i a prime number?
False
Let r = 172 - 170. Suppose 2590 + 1583 = r*b - 5*f, 4*b - 4*f = 8376. Is b composite?
False
Let k be 8/14*-1 - (-310)/(-217). Is (1 - 7) + (38120/k)/(-4) composite?
False
Let x be 5/20 + (-44390)/(-8). Suppose 4*k = h + x - 188, 2*h + 1335 = k. Suppose -4*j + 295 = -k. Is j composite?
False
Let h be 1/(1/(-3)) - -5. Suppose 2768 = s - h*y - 363, 3*s + 5*y - 9371 = 0. Is s a composite number?
True
Let a be (185 - (2 - 3))/(12/(-88)). Let j = a - -5947. Is j a composite number?
False
Suppose -52*t = -222*t + 5419090. Is t a composite number?
True
Suppose 14*y - 33488 - 28784 = 0. Suppose -5*z + 8235 = 5*k, -4*z + 2132 = 2*k - y. Is z a prime number?
False
Let i(v) be the second derivative of -3*v**5/10 + v**4/3 + v**3/3 + 3*v**2/2 - 204*v. Let g(z) = 2*z. Let u be g(-2). Is i(u) prime?
True
Suppose 0 = -45*z + 40*z + 5*v + 701450, 0 = -3*z + 2*v + 420877. Is z a composite number?
False
Let z = 94205 - 53721. Suppose 0 = 16*b - 12*b - z. Is b prime?
False
Let d = 15 + -13. Let s(a) = a - 5. Let w be s(d). Let j(u) = -58*u - 15. Is j(w) a prime number?
False
Let h be (-15)/25 + (-3)/(-5). Suppose g + 3 - 4 = h. Is g/((-20)/(-12)) - (-964)/10 a prime number?
True
Suppose -10*p - 56 = -9*p. Is 140/p*214*-1 a prime number?
False
Let v = -291 + 293. Suppose 3*n - 12881 = 4*h, 2*n - h + v*h - 8580 = 0. Is n a composite number?
True
Is 28*((-313602)/(-36))/((-44)/(-66)) a prime number?
False
Suppose -2*n - 3*d = d + 494, -2*n + 5*d - 467 = 0. Suppose 2*o - 3*o - 3*m = -1459, -o - m + 1449 = 0. Let z = o - n. Is z composite?
True
Let g(u) = 170017*u**2 + 8*u + 8. Is g(-5) prime?
False
Suppose 24 = 4*v, 5*x - 288441 + 60630 = -v. Is x composite?
True
Let s be (18 - 0)*(-222)/(-9). Suppose 46*t + 7 = 3*h + 47*t, h - 5*t - 29 = 0. Suppose -3*o - 5*p - h + 250 = 0, -s = -5*o + 3*p. Is o prime?
False
Let y = 127 + -125. Let b = 189 + y. Is b a prime number?
True
Let g = 1857 + -750. Suppose -3*l - 5*w = -g - 1254, -w - 3935 = -5*l. Is l composite?
False
Is ((-4)/(-13))/((-22)/(-429)) - -111073 a prime number?
False
Let u be (1 - 5/5)/(-2). Let q be (u - -4) + (0 - 0). Suppose -t + 0*t + 127 = 3*s, -2*t + q*s + 254 = 0. Is t a prime number?
True
Let h = -128 - -142. Let d = -10 + h. Is 0 - d/(-8)*6326 a prime number?
True
Suppose -5*x - 117 = -14*x. Suppose 6*u + 1169 = x*u. Is u prime?
True
Suppose -5*n - 13*n + 504 = 0. Suppose n*y - 142260 = 38872. Is y a composite number?
False
Let l be (-13789719)/(-138) - (-1)/2. Suppose -84*v = -50*v - l. Is v a prime number?
True
Suppose -5*i + 878106 = -4*t, -119755 - 55855 = -i - 2*t. Suppose i = 23*x + 54615. Is x a prime number?
True
Let s be ((-3)/(-6)*-58602)/(2/(-2)). Suppose 7*k - 4*k = s. Is k prime?
True
Let t(l) be the third derivative of 17*l**5/15 - 5*l**4/12 + 7*l**3/6 + 3*l**2. Is t(7) a composite number?
True
Let z(q) be the third derivative of 11*q**5/60 - 7*q**4/12 - 191*q**3/6 - 4*q**2 + 17*q. Is z(26) a composite number?
True
Suppose 11*p - 34*p + 12800 = 17*p. Let o be (1 - 7)*598/(-6). Let i = o - p. Is i a composite number?
True
Let o(b) = -b**2 - 12*b - 14. Let v be o(-11). Let x be 4*1/4*v. Is x + 5328/21 + (-2)/(-7) a prime number?
True
Let o(p) = -p**2 + 5*p. Let v be o(4). Let f be 12 - v - 1/(2/6). Suppose -3*n = -t - 200, -f*n - t + 340 = 4*t. Is n composite?
False
Suppose 0 = -2*r + 31*r - 145. Suppose 12134 = r*t + 3604. Is t prime?
False
Let j(s) = -14*s**2 - 8*s + 15. Let w be j(13). Suppose 0 = 4*i + l - 0*l + 16, 4*l + 1 = 5*i. Is 1/(i + (-7370)/w) composite?
False
Let r = 266933 + 745944. Is r composite?
True
Let v(y) = -733*y + 95. Let o(r) = -3*r**2 - 67*r + 40. Let l be o(-23). Is v(l) a composite number?
False
Suppose -3*z - 24837 = -5*q, q = -2*z - 4*q - 16583. Let a = -837 - z. Is a prime?
False
Let b(x) = -x**2 + 9*x - 7. Let f be b(6). Let d(t) = f + 173*t - 84*t + 100*t. Is d(4) a prime number?
False
Is -1 + 6335272/6 - 30/45 composite?
True
Let r = -497 - -491. Let m(v) = -5090*v - 14. Is m(r) a prime number?
False
Let b(i) be the second derivative of i**4/4 - 3*i**3/2 - 9*i**2/2 - 22*i. Let x(w) be the first derivative of b(w). Is x(10) prime?
False
Let s be 2*2 - (-5849 - -8 - 1). Let p = -3687 + s. Is p a composite number?
True
Suppose -v = -3*y - 3005, 5*v - 3039 = 2*y - 1027. Is 1/(1/(-509))*y/77 composite?
True
Suppose -5*k + 5*j = -10, -27*j = -k - 32*j - 10. Suppose -3*z + 6179 + 4798 = k. Is z prime?
True
Let r(k) = 4273*k - 50. Let v be r(10). Suppose v = 31*z - 41*z. Let t = 6115 + z. Is t prime?
True
Let s be (-5 + 5565/(-25))/((-4)/10). Suppose -s*q = -574*q + 3985. Is q composite?
False
Suppose 0 = 3*d - 4*d - 3, 4*d = 3*o - 117867. Suppose p + 83440 = -3*g - o, -245430 = 2*p + 2*g. Is p/(-154) + (-2)/(-11) a composite number?
Fa